0). Let b = -108 - a. What are the prime factors of b?
2, 3, 13
Let j(c) = -38*c - 152. Let p(i) = 20*i + 75. Let g(m) = 4*j(m) + 9*p(m). List the prime factors of g(13).
431
Suppose 248 = 5*l - k - 37, 0 = -3*l - 5*k + 199. Let n = l - -554. List the prime factors of n.
2, 3, 17
Suppose -17*c = -21*c - 680. Suppose -3*b + 808 - 43 = 0. Let l = c + b. List the prime factors of l.
5, 17
Suppose -18*p + 2*x = -14*p - 35402, 5*p - 4*x - 44257 = 0. List the prime factors of p.
8849
Suppose -a - 3293 = -f, 5*f = -3*a + 8627 + 7822. Suppose 9973 = 13*i + f. What are the prime factors of i?
2, 257
Suppose 3*i - 3872 = p + 512, 2900 = 2*i + 5*p. Suppose -4*z + 6*v = v - i, v + 364 = z. Let t = z - 192. What are the prime factors of t?
2, 3, 7
Let q = -26 - -22. What are the prime factors of (1 + -3 + 7277/(-76))*q?
17, 23
Let t = 6 + -4. Suppose -3*c + 370 = w, t*c - c + 3*w - 126 = 0. Suppose 11*h - 12*h + c = 0. What are the prime factors of h?
3, 41
Suppose 32*r - 32 = 24*r. Suppose 4*p = -s + 2086, r*p - 2*s - 2094 = -7*s. List the prime factors of p.
521
Let o(t) = 332*t - 59. Let s(y) = 5*y. Let j(p) = o(p) + 6*s(p). List the prime factors of j(2).
5, 7, 19
Suppose -395777 - 114484 = -56*o - 23*o. List the prime factors of o.
3, 2153
Suppose -3*g = -0*z - 2*z, -4*z + 2*g = -16. Suppose -871 = -z*t - 109. List the prime factors of t.
127
Let u = 32500 + -10518. List the prime factors of u.
2, 29, 379
Let o = -281 + 284. Suppose 0 = 9*g + o*g - 1140. List the prime factors of g.
5, 19
Let s = 73 - 82. Let c be (-85)/(-15) - 3/s. Suppose -3*y - 531 = -c*y. What are the prime factors of y?
3, 59
Let w be 40/6 - 1/(-3). Let k(f) be the first derivative of f**3 + 2*f**2 - 15*f - 323. List the prime factors of k(w).
2, 5
Suppose -38*a = -44*a + 24. Suppose -8 + 28 = -a*k, 272 = 4*o - 4*k. What are the prime factors of o?
3, 7
Let l = 25453 + 4069. List the prime factors of l.
2, 29, 509
Let p = 175 - 61. Suppose 15*g - 18*g = -p. Suppose s - g = 35. What are the prime factors of s?
73
Suppose -38*b - 172 = -42*b. List the prime factors of (b/4 - -2)*760/15.
2, 17, 19
Let f(j) = 60*j**3 - 2*j**2 - j. Let h be f(-2). Suppose d + 39 + 658 = -4*m, -5*d - m = 3466. Let p = h - d. List the prime factors of p.
3, 23
Suppose 14 = -9*t + 3371. Suppose -15 = a - t. List the prime factors of a.
2, 179
Suppose -5 = -l - l + 5*i, -5*l - 3*i = 3. Suppose l = -h + 7*h + 48. Let b = 68 + h. What are the prime factors of b?
2, 3, 5
List the prime factors of (-100304)/(-13) + (-1616)/(-5252).
2, 3, 643
Let g = 47 + -57. Let v be 32/(-6) + (280/(-21))/g. List the prime factors of v*(-2)/(12/177) + -3.
5, 23
Let l(j) = -j**2 - 8*j - 7. Let d be l(-5). Suppose 5*u - 697 = -3*r, u + 597 = 4*r - 363. Suppose d*n - 1345 = r. What are the prime factors of n?
2, 3, 11
Let z(t) = 3*t**2 + 17*t - 108. Let m be z(-25). Let a = -321 + m. List the prime factors of a.
1021
Let d be -1*4/(-2) + 5656. Suppose -7*m + d = -2*m + 3*k, 0 = m + 4*k - 1135. List the prime factors of m.
3, 13, 29
Let t(g) = -7*g**3 - 3*g**2 - 5*g - 6. Let c be t(-2). Let r = c + -46. List the prime factors of (r - (-11)/2)*(0 + 4).
2, 3, 5
Suppose -42*o + 11*o + 897039 = 10*o. What are the prime factors of o?
3, 11, 13, 17
Suppose 2*f = -3*g + 15501, -4*g + 6*g = 4*f + 10318. What are the prime factors of g?
5, 1033
Suppose -5*v = 2*h - 117, 141 = 2*v + 3*v - 4*h. Let q(y) = -3*y + 6. Let u be q(v). Let k = u + 255. What are the prime factors of k?
2, 3, 31
Let s(h) = -1286*h - 1935. List the prime factors of s(-11).
12211
Let h(d) = 339*d + 8. Let v be h(4). Suppose v = -19*m + 23*m. What are the prime factors of m?
11, 31
Let p = -23728 - -27821. What are the prime factors of p?
4093
Let c(m) = m**3 - 8*m**2 + 59*m + 2. Let f be c(10). Let a = f - 395. List the prime factors of a.
397
Let f(j) = j**3 + 5*j**2 - 2*j - 12. Let o be f(-11). Let n = o + 1432. Suppose 3*g + g = n. What are the prime factors of g?
179
Let v be (-48)/64*(2 - 6). Suppose 0 = -0*h + v*h + 6, 2*u = 3*h - 344. Let x = u - -384. List the prime factors of x.
11, 19
Let a(t) = 9*t**3 - 12*t - 4. Let q be a(-3). Let m = 455 + q. What are the prime factors of m?
2, 61
What are the prime factors of -1708*(-16 + (-180)/(-15))?
2, 7, 61
Let o(g) = 238*g**3 - 5*g - 4. Let f be o(-1). Let l = 620 + f. What are the prime factors of l?
383
Let p be -10 + 2 - (4 - (-1 - -5)). List the prime factors of 2*6/3*(-530)/p.
5, 53
Let p(g) = -7*g**2 - 8*g + 8. Let q be p(6). Let w(n) = -21*n**3 - 6*n**2 + 2*n + 2. Let v be w(2). Let r = v - q. List the prime factors of r.
2, 53
Let i(b) = b**2 - 9*b - 16. Let n(d) = -d**3 - 8*d**2 - 4*d - 18. Let s = 45 - 53. Let t be n(s). List the prime factors of i(t).
2, 3
Suppose 0 = -782*u + 780*u - 8. What are the prime factors of ((-78)/u)/((-135)/(-2250))?
5, 13
Let j(g) = -70 - 90 - 26*g + 117. What are the prime factors of j(-4)?
61
Let h be (8910/27)/((-1)/(-7)). Suppose -h = 10*z - 10080. List the prime factors of z.
3, 7, 37
Let p = -38 + 42. Suppose 23*d + p = 25*d. Suppose d*m - 2*b + 0*b - 188 = 0, -3*m + 5*b + 274 = 0. List the prime factors of m.
2, 7
Let m(s) = 26 - 9 - 10 + s. Let g be m(-7). Suppose -376 = -5*p + 3*x, -p + 68 = -g*x + 3*x. What are the prime factors of p?
2, 37
Suppose 5*h + 4*v + 76307 = 275834, 6*h - 239431 = -5*v. List the prime factors of h.
107, 373
Suppose 5*a - 9 = -2*h, 5*a - 10*h + 9*h - 18 = 0. Suppose 4*c - 4*u = 3*c + 332, a*c - 996 = 5*u. List the prime factors of c.
2, 83
Suppose 5*s - 1126 - 7664 = 0. Let b = -928 + s. What are the prime factors of b?
2, 5, 83
Let v(s) = 98*s**2 - 316*s + 9. List the prime factors of v(13).
11, 103
Let b(w) = 33609*w - 371. List the prime factors of b(1).
2, 16619
Let a = -367 - -367. Let p(b) = b**2 + 3*b + 194. List the prime factors of p(a).
2, 97
Let r = 139 - 130. Suppose r*s + 1696 = 12694. List the prime factors of s.
2, 13, 47
Suppose -6*a + 5*q = -7*a - 5, -3*a + q + 33 = 0. What are the prime factors of 3876/a - 52/(-130)?
2, 97
Suppose -3*u = j - 31988, 0 = -3*j + 4*u + u + 95978. List the prime factors of j.
31991
Suppose 5*j - 7*c + 4*c = 19211, 0 = 4*j - 3*c - 15370. What are the prime factors of j?
23, 167
Let o be (-234)/(-2)*16/(-6). Let u = o - -190. Let v = u + 300. What are the prime factors of v?
2, 89
Let r(h) = -6*h**2 + 4*h + 1082. Suppose 5*a + 5*n = 5, 3*n = 7*a - 3*a + 3. What are the prime factors of r(a)?
2, 541
Let y(z) = 3*z**3 + 2*z**2 + 3*z + 1. Let p be y(-4). Let m = 638 - 333. Let c = p + m. List the prime factors of c.
2, 67
Suppose -3*v - z = -56598, 43*v - 94328 = 38*v - z. What are the prime factors of v?
5, 7, 11
Suppose -2*h - 27 = -2*k - 3, 0 = 4*h + 16. Let y be k/(-6) + 8/6. Suppose -41*t + 39*t + 192 = y. What are the prime factors of t?
2, 3
List the prime factors of 998 + (8 + -19)/(-11) - 5*1.
2, 7, 71
Suppose 287 = 2*d - 75. Let k = d + 241. List the prime factors of k.
2, 211
Let v be (-1)/((-7)/(-60))*469/(-134). List the prime factors of (-4)/v - 44485/(-75).
593
Suppose 220824 = -47*v + 65*v. What are the prime factors of v?
2, 3067
Suppose 3*s - 1462 = -4*y, -982 = -14*s + 12*s + y. Let a = s - 260. What are the prime factors of a?
2, 5, 23
What are the prime factors of (-106)/(-212)*11/(22/269580)?
3, 5, 4493
Let r(i) = 10*i - 4. Let h be r(6). Suppose -212 - 268 = -12*w. Let o = h + w. List the prime factors of o.
2, 3
Let y = -7 - -11. Let c(j) be the second derivative of 2*j**3/3 + 5*j**2/2 + 50*j + 3. List the prime factors of c(y).
3, 7
Let m(u) = -174*u + 6428. List the prime factors of m(-16).
2, 7, 47
Suppose -4*n + 5*t = -33 + 2, 5*n - 44 = t. Suppose -4*g + 9*g = 10. Suppose -g*u = -2*b - 228, n*u - 4*u - 562 = 3*b. What are the prime factors of u?
2, 5, 11
Suppose -2*y + 0 = 2. Let l be (-1)/(-2)*(-2)/y. Suppose 5*f = -4*o + 739, -l = -2*o + 1. What are the prime factors of f?
3, 7
Suppose -17*y + 49435 = -86990. List the prime factors of y.
3, 5, 107
Suppose -665*k = -153*k - 15358464. What are the prime factors of k?
3, 11, 101
Let k(s) = -s**2 + 9*s - 11. Let u be k(6). List the prime factors of 6235/u + (-50)/(-175).
3, 11
Let p = 216 - 4. Let t = 225 - p. What are the prime factors of t?
13
Let w(f) = -4*f**2 - 5*f - 5. Let s be w(-5). Let t = -842 + 833. Let 